a factor of 780?
True
Is 41 a multiple of 41?
True
Does 4 divide 648?
True
Does 16 divide 2720?
True
Is 17 a factor of 1947?
False
Is 3094 a multiple of 7?
True
Is 44 a factor of 995?
False
Is 18 a factor of 210?
False
Does 13 divide 39?
True
Does 22 divide 550?
True
Is 326 a multiple of 163?
True
Does 62 divide 1798?
True
Does 119 divide 3927?
True
Does 8 divide 736?
True
Does 7 divide 37002?
True
Does 3 divide 294?
True
Is 12 a factor of 1793?
False
Is 19 a multiple of 8?
False
Is 14683 a multiple of 24?
False
Does 10 divide 2310?
True
Is 7 a factor of 63?
True
Is 19 a factor of 54568?
True
Does 60 divide 28103?
False
Is 45 a factor of 180?
True
Does 22 divide 17446?
True
Is 15654 a multiple of 48?
False
Does 35 divide 490?
True
Is 8909 a multiple of 59?
True
Is 418 a factor of 121220?
True
Is 598 a multiple of 26?
True
Does 5 divide 702?
False
Is 11 a factor of 73?
False
Does 17 divide 918?
True
Is 1360 a multiple of 35?
False
Is 363 a multiple of 7?
False
Is 19 a factor of 285?
True
Is 3147 even?
False
Does 12 divide 13905?
False
Is 9 a factor of 44741?
False
Is 1716 a multiple of 156?
True
Does 85 divide 1190?
True
Is 18 a factor of 1872?
True
Is 5418 a multiple of 63?
True
Is 4399 a multiple of 83?
True
Is 16 a factor of 3653?
False
Is 22 a factor of 1419?
False
Is 7 a factor of 2896?
False
Is 5 a factor of 4455?
True
Does 9 divide 2345?
False
Does 75 divide 60225?
True
Does 6 divide 4002?
True
Is 1572 a multiple of 36?
False
Is 829 a multiple of 7?
False
Does 5 divide 8046?
False
Is 505 a multiple of 12?
False
Is 91 a factor of 5733?
True
Is 14 a factor of 84?
True
Does 31 divide 217?
True
Does 2 divide 88?
True
Is 5104 a multiple of 16?
True
Does 13 divide 828?
False
Is 148 a factor of 21904?
True
Is 13 a factor of 1105?
True
Is 8280 a multiple of 180?
True
Is 15277 a multiple of 60?
False
Is 239 a factor of 26529?
True
Does 6 divide 2080?
False
Is 469 a factor of 158522?
True
Does 17 divide 14397?
False
Is 30 a factor of 330?
True
Is 67396 a multiple of 58?
True
Is 451 a multiple of 41?
True
Is 7 a factor of 29586?
False
Is 228 a multiple of 19?
True
Is 6 a factor of 508?
False
Is 435 even?
False
Is 5 a factor of 525?
True
Is 62 a factor of 7626?
True
Is 11 a factor of 33?
True
Is 17670 a multiple of 15?
True
Is 45 a factor of 135?
True
Is 40305 a multiple of 16?
False
Is 12 a factor of 57108?
True
Is 55 a factor of 1100?
True
Is 119 a factor of 67774?
False
Is 32176 a multiple of 125?
False
Does 6 divide 132?
True
Does 8 divide 714?
False
Does 59 divide 21417?
True
Is 60 a factor of 3720?
True
Does 15 divide 2523?
False
Does 5 divide 171?
False
Does 102 divide 2385?
False
Is 15 a factor of 1165?
False
Does 81 divide 729?
True
Is 49 a factor of 99533?
False
Is 43 a factor of 10922?
True
Is 1288 a multiple of 10?
False
Is 36 a factor of 1188?
True
Is 703 a multiple of 19?
True
Is 78 a factor of 105614?
False
Does 8 divide 9454?
False
Is 114 a factor of 14432?
False
Does 48 divide 3552?
True
Does 139 divide 81170?
False
Is 20 a factor of 2420?
True
Is 33 a factor of 2376?
True
Is 22 a factor of 1628?
True
Is 288 a multiple of 4?
True
Is 11 a factor of 1610?
False
Is 9 a factor of 2079?
True
Is 6 a factor of 514?
False
Is 8996 a multiple of 31?
False
Is 11 a factor of 476?
False
Does 9 divide 3969?
True
Is 354 a multiple of 3?
True
Is 103 a multiple of 27?
False
Does 38 divide 10830?
True
Is 78 a factor of 3601?
False
Is 42 a factor of 1261?
False
Is 82 a factor of 2139?
False
Does 12 divide 1428?
True
Is 22354 a multiple of 148?
False
Is 493 a multiple of 17?
True
Is 499 a multiple of 3?
False
Is 9 a factor of 706?
False
Is 2 a factor of 59?
False
Does 78 divide 161?
False
Is 1920 a multiple of 24?
True
Is 33 a factor of 3828?
True
Is 570 a multiple of 95?
True
Does 12 divide 3252?
True
Does 13 divide 663?
True
Is 387 a factor of 65248?
False
Is 92 a factor of 42688?
True
Is 4929 a multiple of 15?
False
Is 866 a multiple of 2?
True
Is 19609 a multiple of 72?
False
Is 4598 a multiple of 40?
False
Is 30645 a multiple of 38?
False
Is 46965 a multiple of 155?
True
Is 72 a multiple of 8?
True
Does 5 divide 873?
False
Is 504 a multiple of 14?
True
Is 97 a factor of 13261?
False
Does 20 divide 10620?
True
Does 182 divide 42535?
False
Is 6 a factor of 1858?
False
Is 6833 a multiple of 17?
False
Is 50 a factor of 1150?
True
Is 16 even?
True
Is 1136 a multiple of 284?
True
Is 7214 a multiple of 40?
False
Is 515 a multiple of 11?
False
Is 19959 a multiple of 5?
False
Is 314 a multiple of 6?
False
Is 6765 a multiple of 98?
False
Is 15614 a multiple of 167?
False
Does 4 divide 71?
False
Is 9 a factor of 11385?
True
Is 164 a multiple of 4?
True
Does 13 divide 21203?
True
Is 37 a factor of 7500?
False
Does 8 divide 12992?
True
Does 4 divide 442?
False
Does 5 divide 9?
False
Does 12 divide 6600?
True
Is 3446 a multiple of 31?
False
Is 20 a factor of 15900?
True
Does 37 divide 9805?
True
Is 3005 a multiple of 67?
False
Does 213 divide 10855?
False
Is 610 a multiple of 66?
False
Is 1378 a multiple of 14?
False
Does 13 divide 2015?
True
Does 56 divide 2976?
False
Is 43 a factor of 774?
True
Does 37 divide 7733?
True
Does 141 divide 52655?
False
Does 81 divide 1811?
False
Does 76 divide 24548?
True
Is 6 a factor of 281?
False
Does 54 divide 756?
True
Is 13 a factor of 17935?
False
Is 91933 a multiple of 11?
False
Is 7 a factor of 11392?
False
Does 8 divide 6144?
True
Does 49 divide 10215?
False
Is 3245 a multiple of 18?
False
Is 640 a multiple of 40?
True
Does 196 divide 63452?
False
Is 198 a multiple of 20?
False
Is 20 a factor of 1300?
True
Is 4475 a multiple of 25?
True
Does 295 divide 36875?
True
Does 23 divide 13800?
True
Is 8135 a multiple of 76?
False
Is 91 a factor of 546?
True
Is 45 a factor of 1350?
True
Is 2300 a multiple of 50?
True
Does 76 divide 156908?
False
Is 13 a factor of 1282?
False
Does 15 divide 1710?
True
Is 8512 a multiple of 19?
True
Is 577 a multiple of 6?
False
Is 7425 a multiple of 25?
True
Is 25 a factor of 39503?
False
Is 57 a factor of 9577?
False
Does 43 divide 1677?
True
Is 10 a factor of 170?
True
Is 6 a factor of 24325?
False
Does 21 divide 3969?
True
Does 11 divide 460?
False
Is 4351 a multiple of 19?
True
Is 13 a factor of 1403?
False
Is 36096 a multiple of 94?
True
Does 4 divide 16727?
False
Is 40 a factor of 1441?
False
Does 28 divide 24837?
False
Is 149 a multiple of 3?
False
Is 2128 a multiple of 22?
False
Is 6619 a multiple of 100?
False
Is 5 a factor of 22385?
True
Is 132822 a multiple of 47?
True
Is 27176 a multiple of 299?
False
Is 1188 a multiple of 66?
True
Is 358 a multiple of 8?
False
Does 45 divide 17400?
False
Is 12 a factor of 49488?
True
Does 13 divide 156?
True
Does 90 divide 2430?
True
Is 36 a factor of 13392?
True
Does 18 divide 2778?
False
Is 13134 a multiple of 11?
True
Is 1944 a multiple of 216?
True
Does 213 divide 25481?
False
Does 99 divide 25734?
False
Does 16 divide 655?
False
Is 22311 a multiple of 143?
False
Is 32 a factor of 3648?
True
Does 20 divide 265?
False
Does 5 divide 29293?
False
Does 138 divide 4692?
True
Does 20 divide 1853?
False
Is 271 a factor of 346?
False
Does 23 divide 207?
True
Does 9 divide 51372?
True
Does 14 divide 608?
False
Does 104 divide 2605?
False
Does 9 divide 99?
True
Is 124933 a multiple of 10?
False
Is 162 a factor of 3716?
False
Is 2379 a multiple of 6?
False
Does 15 divide 323?
False
Is 762 even?
True
Does 5 divide 3285?
True
Is 59392 a multiple of 16?
True
Is 15 a factor of 573?
False
Is 10 a factor of 556?
False
Is 32760 a multiple of 42?
True
Does 51 divide 5883?
False
Does 37 divide 703?
True
Is 29 a factor of 754?
True
Is 19 a factor of 89091?
True
Does 34 divide 12308?
True
Is 12 a factor of 552?
True
Is 1353 a multiple of 97?
False
Does 15 divide 255?
True
Does 66 divide 660?
True
Is 87 a factor of 2622?
False
Is 6 a factor of 108?
True
Does 21 divide 1551?
False
Does 51 divide 356?
False
Is 3 a factor of 279?
True
Is 73161 a multiple of 11?
True
Is 14249 a multiple of 23?
False
Does 226 divide 48138?
True
Is 24 a factor of 19368?
True
Is 468 a multiple of 18?
True
Does 8 divide 4155?
False
Is 24 a factor of 34032?
True
Is 1776 a multiple of 16?
True
Is 33 a factor of 3630?
True
Is 278 a multiple of 11?
False
Is 15 a factor of 4640?
False
Is 15 a 